*3 - 23*z**2 + 129*z - 21. What is i(-11)?
-230
Let h(d) = -687*d**2 + 1342*d + 4. Give h(2).
-60
Let x(m) = m**3 + 2*m**2 - 749*m - 133. What is x(27)?
785
Let d(p) = p**3 + 19*p**2 + 2964*p + 59695. Give d(-20).
15
Let t(d) = -4555903*d + 36447227. What is t(8)?
3
Let y(t) = t**2 + 162*t + 3490. Give y(-24).
178
Let a(c) = c**3 - 8*c**2 + 10251*c - 71755. What is a(7)?
-47
Let b(y) = -y**3 + 96*y**2 - 274*y - 1295. What is b(93)?
-830
Let p(i) = 2*i**2 - 189*i + 3335. Determine p(75).
410
Let f(o) = -7514*o - 285066. Determine f(-38).
466
Let m(f) = 63*f**2 - 757*f + 31. What is m(12)?
19
Let i(p) = -p**3 - 733*p**2 + 27681*p + 92. Give i(36).
-16
Let s(q) = q**3 - 9*q**2 + 586*q - 5283. Give s(9).
-9
Let z(r) = 2507*r - 1455. Calculate z(0).
-1455
Let d(r) = -3597*r + 3564. Determine d(1).
-33
Let k(d) = 3*d**2 + 103*d + 41. Give k(-27).
-553
Let y(r) = r**3 - 16*r**2 - 1716*r + 5287. Calculate y(3).
22
Let a(l) = -703*l**3 + 3*l**2 + 14*l + 14. Give a(-1).
706
Let r(h) = 42238*h - 168938. Give r(4).
14
Let b(p) = -2*p**3 + 34*p**2 - 246*p + 815. Determine b(8).
-1
Let n(m) = 2*m**3 + 41*m**2 + 163*m + 3387. Calculate n(-21).
-477
Let f(n) = n**3 - 173*n**2 - 1049*n - 4391. Calculate f(179).
84
Let v(m) = -2*m**2 - 1728*m - 154113. Give v(-101).
13
Let h(o) = -11*o**2 + 236*o - 2173. Determine h(22).
-2305
Let v(s) = -9*s - 1356. What is v(-31)?
-1077
Let l(p) = -p**3 + 29*p**2 - 1187*p + 30619. What is l(27)?
28
Let x(m) = m**2 - 330*m + 23167. What is x(101)?
38
Let m(p) = -p**3 - 277*p**2 - 725*p + 172730. Give m(-272).
10
Let n(m) = -m**3 + 75*m**2 + 480*m + 1428. Calculate n(81).
942
Let m(i) = i**3 - 3*i**2 + 1448*i - 8. What is m(0)?
-8
Let z(v) = -45999*v + 1563878. Calculate z(34).
-88
Let g(i) = -589*i - 256038. Give g(-435).
177
Let u(r) = -125*r - 1044. Give u(-20).
1456
Let r(p) = 5*p**2 - 1277*p + 65470. Give r(71).
8
Let w(v) = -v**3 - 20*v**2 + 164*v + 66. Determine w(-26).
-142
Let r(t) = -t**2 + 35297*t - 6425879. Determine r(183).
-17
Let o(i) = i**2 + 227*i + 8992. Calculate o(-49).
270
Let j(u) = -33*u**2 + 1069*u + 8592. What is j(-8)?
-2072
Let d(t) = -t**3 + 11*t**2 + 20*t - 255. Determine d(8).
97
Let a(o) = -11722*o + 293065. Calculate a(25).
15
Let z(q) = 1926*q - 83314. Calculate z(43).
-496
Let w(x) = 9*x**2 - 826*x - 5532. What is w(98)?
-44
Let n(z) = -z**3 + 957*z**2 - 3753*z - 56203. Calculate n(953).
24
Let w(k) = -5*k**3 + 606*k**2 - 186*k + 7854. Give w(121).
-11
Let v(x) = 1121*x - 42553. Give v(38).
45
Let n(m) = 14*m**2 + 2517*m - 46800. Calculate n(17).
35
Let o(s) = -4*s**3 + 5172*s**2 + 10362*s - 2592. What is o(1295)?
-2
Let q(y) = -14*y**2 + 391*y + 36. What is q(26)?
738
Let b(p) = 19067*p - 17. Give b(0).
-17
Let b(m) = -13*m**2 + 614*m - 103. What is b(49)?
-1230
Let n(a) = a**3 + 47*a**2 + 159*a + 3140. Determine n(-45).
35
Let s(f) = -2*f**3 + 166*f**2 + 81*f - 6748. Calculate s(83).
-25
Let y(w) = -2188*w**2 - 200*w + 199. What is y(1)?
-2189
Let y(u) = -u**3 + 26*u**2 + 115*u - 315. Give y(30).
-465
Let l(n) = 358*n - 68751. What is l(192)?
-15
Let d(m) = -6*m**2 + 453*m + 2474. What is d(-5)?
59
Let t(f) = -4*f**2 + 467*f - 1875. What is t(4)?
-71
Let v(q) = 2*q**3 + 14*q**2 - 1909*q - 15140. What is v(-8)?
4
Let y(k) = k**2 - 674*k + 12134. Give y(19).
-311
Let w(f) = 3566*f - 509873. What is w(143)?
65
Let w(u) = -966*u**2 - 101431*u + 191. Calculate w(-105).
296
Let r(s) = 81*s**3 - 26396*s**2 - 3261*s + 318. Calculate r(326).
-8
Let z(x) = 2*x**3 + 47*x**2 + 179*x + 3577. Give z(-23).
-11
Let r(b) = b**3 + 10*b**2 - 319*b + 18. What is r(-23)?
478
Let v(n) = -1580*n + 4739. Determine v(3).
-1
Let b(l) = 56263*l + 1181528. What is b(-21)?
5
Let f(l) = -20815*l - 62381. Calculate f(-3).
64
Let k(s) = 38790*s + 6633112. Calculate k(-171).
22
Let i(u) = -248*u + 101683. Determine i(410).
3
Let m(j) = 309*j**2 + 161298*j - 3. Determine m(-522).
-3
Let t(y) = 2639*y + 997. Give t(0).
997
Let r(s) = -423*s + 3015. Give r(5).
900
Let n(b) = b**3 + 44*b**2 + 98*b - 1005. Calculate n(-41).
20
Let a(t) = -12*t**3 + 215*t**2 - 100*t + 2125. Determine a(18).
1
Let b(q) = 716*q**2 + 10585*q - 2317. Determine b(-15).
8
Let n(k) = -k**2 - 1285*k + 51233. Give n(38).
959
Let g(m) = -295538*m + 5024148. Give g(17).
2
Let m(d) = d**3 + 24*d**2 + 430*d + 9359. Give m(-23).
-2
Let n(u) = u**3 - 22*u**2 - 181*u - 326. What is n(-3)?
-8
Let n(p) = -4*p**3 + 71*p**2 + 175*p + 48. What is n(-2)?
14
Let t(k) = -k**2 - 456*k + 26412. What is t(53)?
-565
Let w(g) = 34345*g - 68700. What is w(2)?
-10
Let t(w) = 10*w**3 - 2356*w**2 - 964*w + 4724. What is t(236)?
4
Let t(h) = -4*h**2 + 839*h + 7832. Calculate t(-9).
-43
Let s(q) = 26*q**2 - 3322*q + 2560. Determine s(127).
20
Let v(b) = 2*b**2 - 34310*b + 1846888. What is v(54)?
-20
Let c(s) = -s**2 - 4807*s - 81560. What is c(-17)?
-130
Let n(a) = -a**3 - 489*a**2 - 9*a + 36. Determine n(0).
36
Let t(l) = -3*l**3 - 66*l**2 - 9*l - 264. What is t(-22)?
-66
Let v(w) = 2*w**2 + 325*w + 2280. Determine v(-7).
103
Let i(d) = 135*d + 1182. Give i(-6).
372
Let d(o) = -4*o**3 - 2144*o**2 - 2255*o - 61522. Give d(-535).
3
Let q(g) = 9335*g + 1120206. Give q(-120).
6
Let j(w) = -260*w**2 - 2*w - 45. Determine j(0).
-45
Let k(u) = -14835*u - 192831. What is k(-13)?
24
Let b(l) = 7433*l**2 + 319633*l + 596. Give b(-43).
-6
Let r(c) = 56*c**2 - 193*c - 11352. What is r(16)?
-104
Let a(w) = 851*w - 217091. Determine a(255).
-86
Let b(d) = -605*d - 25985. Calculate b(-43).
30
Let u(y) = y**3 + 30*y**2 - 280*y - 975. What is u(-37)?
-198
Let n(t) = t**3 - 4012*t**2 - 153896*t + 134. Determine n(-38).
-18
Let i(n) = 3*n**2 - 32785*n - 295318. What is i(-9)?
-10
Let g(p) = -2*p**2 + 662*p + 12526. Give g(-18).
-38
Let x(t) = -49*t**2 + 85*t - 647. Calculate x(7).
-2453
Let l(f) = -f**3 - 122*f**2 + 76*f + 9269. Give l(-122).
-3
Let q(a) = -5*a**3 + 5*a**2 - 4*a + 22. Give q(4).
-234
Let p(a) = a**2 + 1227*a - 57217. Determine p(45).
23
Let p(c) = 473*c - 29440. Give p(54).
-3898
Let m(t) = 45*t**2 + 3592*t - 4556. Calculate m(-81).
-263
Let c(g) = 15*g**3 - 120*g**2 + 70*g - 450. What is c(8)?
110
Let f(k) = 77*k**2 + 1937*k - 3833. What is f(-27)?
1
Let r(q) = 6614*q + 1627051. Give r(-246).
7
Let h(i) = 2552*i**2 + 1035. Calculate h(0).
1035
Let w(f) = 674*f + 1605. Calculate w(-2).
257
Let q(c) = -c**3 - 39*c**2 - 186*c - 157. What is q(-5)?
-77
Let q(j) = -6*j**2 + 93*j + 19. Give q(17).
-134
Let w(b) = -22*b**2 - 202*b - 33. Calculate w(3).
-837
Let q(v) = -315*v - 7626. Give q(-24).
-66
Let p(h) = -h**3 - 36*h**2 - 6*h + 2085. What is p(-34)?
-23
Let j(g) = 8209*g - 525443. Calculate j(64).
-67
Let h(u) = -569*u**3 + 2278*u**2 - 27*u + 77. What is h(4)?
1
Let m(d) = 26773*d + 348409. Calculate m(-13).
360
Let d(l) = l**3 - 48*l**2 + 511*l - 726. Give d(12).
222
Let g(m) = 111*m**2 + 1558*m + 94. Determine g(-14).
38
Let r(s) = -1827972*s + 23763637. Determine r(13).
1
Let k(d) = 213*d**2 - 369*d - 721. Determine k(-2).
869
Let s(a) = 77*a**3 - 29*a**2 + 202*a - 172. What is s(1)?
78
Let d(r) = 1615*r + 130612. What is d(-81)?
-203
Let j(l) = -104*l - 21949. Determine j(-211).
-5
Let m(a) = -4*a**3 - 31*a**2 + 335*a + 14. Give m(-14).
224
Let h(m) = -m**3 + 8*m**2 + 313*m - 99. Calculate h(-13).
-619
Let c(v) = -1478784*v - 10351479. Calculate c(-7).
9
Let f(k) = -157*k**2 - 751*k - 519. Determine f(-4).
-27
Let l(j) = -j**3 + 13*j**2 - 108*j + 2336. Give l(15).
266
Let i(p) = -p**3 + 39*p**2 + 182*p - 65. Give i(43).
365
Let f(i) = -85349*i - 256047. Determine f(-3).
0
Let v(a) = 6*a**2 + 782*a + 3967. What is v(-125)?
-33
Let k(d) = 6155*d + 646255. Determine k(-105).
-20
Let l(p) = 1552*p**2 + 92*p - 90. Give l(1).
1554
Let s(p) = p**2 + 2574*p + 136068. Calculate s(-54).
-12
Let c(g) = -7132*g + 299622. Calculate c(42).
78
Let y(q) = 1725*q + 12929. Give y(-7).
854
Let q(c) = -2861071*c + 14305347. Determine q(5).
-8
Let t(b) = 8*b**2 + 89*b - 21. What is t(-22)?
1893
Let y(j) = j**3 + 86*j**2 + 291*j + 10405. Give y(-84).
73
Let c(l) = -35*l**2 + 652*l + 8732. What is c(-13)?
-5659
Let a(l) = 5*l**3 + 8*l**2 - 59*l - 149. Determine a(-4).
-105
Let o(v) = 14026*v - 15044. What is o(1)?
-1018
Let c(t) = -2968*t**2 + 8964*t - 190. Determine c(3).
-10
Let k(i) = 605*i + 